- 36850 = -j + f. Let t = j + 29451. Is t prime?
True
Suppose -13*u + 3233336 = 346517. Is u a prime number?
False
Suppose y + 9 = -16. Is (-4)/40*-4 + (-104665)/y a composite number?
True
Let x(s) = 152*s**3 + 2*s**2 + 55*s + 27. Is x(14) a prime number?
False
Let x(b) = 9780*b + 1909. Is x(6) a composite number?
False
Let p = 29386 - -23251. Is p a composite number?
True
Suppose 3*d - 150*d + 735 = 0. Let w(k) = -3*k - 3 - 8*k - 4 + 8*k**2 + 11*k**3. Is w(d) prime?
False
Let x(y) = 8*y**3 - 3*y**2 + 5*y - 5. Suppose -d + 7 = 3*t + 2, -2*d - 2 = 0. Is x(t) composite?
True
Suppose 0 = -p + 2*z - 17, 4*z - 6*z - 59 = 3*p. Let y(i) = -298*i + 243. Is y(p) a prime number?
False
Let l be 1766 + (50/(-75) - (-8)/(-6)). Let a(g) = 427*g - 2. Let p be a(3). Suppose -p = -q + l. Is q composite?
True
Suppose -25*l + 6928780 = -45*l + 24*l. Is l composite?
True
Suppose -4*l - 19248 = -3*x + 35243, 2*x = -4*l + 36354. Is x composite?
False
Let j(k) = -163*k - 78. Let y be j(-13). Let g = 8624 - y. Is g a prime number?
False
Suppose 55 = -7*z + 18*z. Suppose 12 - 17 = -5*m. Is m*-1 + z*258/5 prime?
True
Let o(g) = 346*g - 86. Let r be o(2). Let v = -244 - -381. Let s = r + v. Is s a prime number?
True
Suppose 5302433 + 815049 + 4939846 = 144*k. Is k a composite number?
True
Let x(p) = -5*p - 3. Let w be x(-2). Let v be (-7 + 4)/1 + w. Suppose 6*r - 2*r = 3*m + 1298, v = -2*m. Is r prime?
False
Suppose -697*y + 692*y + 279820 = 3*k, -2*k = 2*y - 111924. Is y composite?
False
Let q(n) = -n**3 + 16*n**2 + 37*n - 10. Let l be q(18). Is 2/l + 5/(220/69113) a composite number?
False
Let n(r) = -r**2 - 21*r + 52. Let v be n(-23). Suppose v*h + 4*h = 150270. Is h a prime number?
False
Let l(i) = 2*i**2 + 2*i + 4. Let m be l(0). Suppose 4*w = 9*w - m*t - 34417, -3*w + 2*t + 20649 = 0. Is w composite?
True
Let u = -178736 + 568713. Is u a prime number?
False
Let v(h) = 6*h**3 - 106*h**2 - 226*h - 231. Let d(t) = t**3 - 21*t**2 - 45*t - 46. Let p(z) = 11*d(z) - 2*v(z). Is p(-21) prime?
True
Suppose 4*w = -2*u + 8786, w + 4402 = -10*u + 11*u. Is u a prime number?
False
Suppose -3*u = -5*u - 5*d - 21, u - 12 = 2*d. Suppose u*m + 26 = -2*z, z - 5*m - 37 = 4*z. Let k(c) = -22*c - 3. Is k(z) prime?
False
Suppose 34*c = 35*c - 452. Let f = 2109 - c. Is f a prime number?
True
Let d = -27 - -32. Suppose 3*x - m = 22, 2*x = -d*m - 0*m + 26. Suppose 579 + 1445 = x*a. Is a a prime number?
False
Suppose -676230 = -2*x + 78*i - 76*i, -i = 4*x - 1352480. Is x prime?
True
Let l(n) = 21496*n - 5805. Is l(7) a composite number?
False
Let h be 4/(-6) - 24/(-9). Suppose -99513 = -20*c - 11973. Suppose -4*s = -4*d - 2515 + 8351, -3*d + c = h*s. Is d a prime number?
True
Let p be (-7 - 308)/5*(-3)/9. Let u(t) = 11*t**2 + 4*t + 128. Is u(p) a prime number?
False
Let d(m) = 4*m + 3. Let r be d(5). Suppose k - 1196 = 6012. Suppose -k = 15*z - r*z. Is z a composite number?
True
Is (-1)/(4*7/(-28))*(-4 + 14781) composite?
True
Let r = -467 - -474. Suppose -r*o = -77915 + 264. Is o a prime number?
True
Let s(l) be the second derivative of l**5/20 - 7*l**4/12 + 13*l**3/6 - 27*l**2/2 - 23*l + 1. Is s(24) prime?
False
Let c(u) = 166*u**2 - 253*u + 16. Is c(-15) a prime number?
True
Let p(d) = -136*d**2 - 8*d + 16. Let h be p(5). Let j = 11735 + h. Is j composite?
False
Is ((-56)/5)/(-14) + 1438441/5 prime?
True
Is (-17 + 18)*(254573/(-77))/(2/(-14)) composite?
False
Suppose 4*u = -87 + 107, 3*y = 3*u + 605124. Is y a prime number?
False
Suppose 243 = -8*b + 51. Let x = b - -25. Let n(u) = 390*u**2 + 1. Is n(x) a prime number?
False
Suppose -2*m = j + 7, -2*m - 21 + 24 = 3*j. Is (-219313)/(-15) + m/(-45) composite?
False
Let b(f) = -9*f**3 - 6*f - 16 + 0*f - 19*f**3 + 5*f**2 - 32*f**3. Is b(-5) composite?
False
Suppose 3*t + 6*t + 14*t = 2194867. Is t composite?
False
Let r(w) = -2*w**3 + 10*w**2 - 3*w + 7. Let m be r(3). Suppose 29*p + 48725 = m*p. Is p prime?
False
Let l be -8*3/(-16) + 260913/6. Suppose 3*q + l = 4*k, 5*k = 5*q + 40420 + 13935. Is k composite?
True
Let a(p) be the first derivative of 181*p**3/3 - 6*p**2 + 10*p + 126. Is a(-9) a prime number?
True
Let b be 4/(-16) + (-3050)/(-8). Let m = -225 - -553. Let x = m + b. Is x composite?
False
Let o = -19 + 23. Let k be -2078*(-2 + -4 + o). Let z = -2083 + k. Is z composite?
True
Suppose 0 = -m + 5*z - 0*z - 60, 5*m = -5*z - 180. Let t = 153 + m. Is t composite?
False
Suppose -11871134 = -875*s + 841*s. Is s composite?
True
Suppose -217*f = -216*f - 23113. Suppose -2699 - f = -3*b - 5*p, 0 = -4*b - 4*p + 34424. Is b a composite number?
False
Suppose 72*u + 7990531 = 169*u - 56*u. Is u a composite number?
False
Let i(h) = -327*h - 121. Let f = 324 + -334. Is i(f) prime?
False
Suppose 1185 = -9*b + 24*b. Suppose -54 = -5*k - b, -l - 3*k = -5584. Is l prime?
False
Let c(a) = -a. Let b(q) = 4*q**2 - 86*q + 41. Let w(h) = b(h) + 5*c(h). Is w(28) prime?
False
Is 6685588/(-1092)*-3*1 prime?
True
Is 148555/4 + (4/(-20))/(72/(-90)) composite?
False
Let y(k) = 5*k - 116. Let v be y(25). Suppose 110383 = 4*m + v*m. Is m composite?
True
Suppose 6692290 + 3345914 = 132*f. Is f composite?
True
Let p(l) = -2*l - 6. Let t be p(-5). Suppose 4*q + 4*d = -t, 2*q - 4*d = 4*q + 8. Suppose 0 = 5*h - 2*b - 12239, 5*h - q*h = 4*b + 7349. Is h prime?
True
Let s = -273903 + 477434. Is s a prime number?
True
Suppose -5*n = -j + 4*j - 259, -2*n - 442 = -5*j. Is 41*(1*4 + -13 + j) a prime number?
False
Suppose 8*g - 13*g - g + 307578 = 0. Is g prime?
True
Suppose 47 + 25 = 8*i. Let r(j) = -9 - 5*j + i - 1. Is r(-16) prime?
True
Is 1796555*(-1 - (-54)/45) a prime number?
True
Suppose 0 = 6*j - 10*j + 36. Let g be 275/(-33)*j/(-5). Suppose -g*y = -31886 - 12349. Is y prime?
False
Let b(k) = k**3 + 7*k**2 - 19*k + 2. Let t be b(-9). Suppose -t*h = 3419 - 16256. Is h prime?
False
Let n be (-28)/6*2/((-4)/3). Suppose -5*v + n = -s - 35, v + s = 6. Is 553 - (-4)/v*8*1 a prime number?
True
Suppose -168 - 1613 = q. Let r = 66 - q. Is r prime?
True
Suppose -1915*k = -1944*k + 2316549. Is k a prime number?
False
Let m = 121 + -111. Is (-86228)/m*(105/(-6))/7 composite?
False
Let c = 71827 - 4824. Is c prime?
True
Suppose -z + 3 = 0, 9*z = -v + 6*z + 12614. Let a = 14534 + v. Is a prime?
False
Let z(s) = 34*s**3 - 6*s**2 + 8*s - 41. Is z(13) a composite number?
True
Let l(m) = 1226*m + 6. Let n be l(7). Let s = 1711 + -6756. Let z = s + n. Is z composite?
True
Let d(r) = -r**3 - 12*r**2 - 2*r - 3. Let g be d(10). Let c = g + 4196. Is c prime?
True
Let f be (-5*16/(-100))/(4/10). Suppose -f*i - 3*z = -i - 1532, 0 = -z - 1. Is i a prime number?
False
Let j(c) = c**2 - c - 7. Let r be j(5). Suppose -p + 3947 = 2*i, 0 = 5*p - r*i + 8*i - 19660. Is p a prime number?
False
Suppose -361312 = -4*h - 4*m, -4*h + 5*m + 115796 = -245471. Is h a prime number?
False
Let d = 823 + -1397. Is d*(-10 + 9)*1/2 prime?
False
Suppose -415*q + 414*q + 2*i = -279247, -5*i - 1116985 = -4*q. Is q prime?
False
Suppose 4775*k = 4779*k - 329540. Is k a composite number?
True
Let w(z) = 3282*z + 2661. Is w(63) composite?
True
Let d = 31625 - -77706. Is d composite?
False
Let r = 429926 + -205011. Is r a prime number?
False
Let z(b) be the third derivative of 791*b**4/24 - 43*b**3/6 + 47*b**2 - b. Is z(10) a composite number?
False
Suppose 0 = -3*d + 2*d + 7. Let y(h) = h**2 - 6*h - 5. Let u be y(d). Suppose 0 = -4*p + u*j + 3708, p - 157 - 784 = -3*j. Is p a prime number?
True
Suppose 3547 = -2*r - 4975. Let f = r - -7812. Is f composite?
True
Let a(i) = 24*i**3 - 18*i**2 + 226*i - 295. Is a(24) composite?
False
Suppose -3150 = -6*j - 4*j. Suppose k = -1 + 6. Suppose j = 2*t + a, a + 0*a = -k*t + 789. Is t prime?
False
Let y(j) = j**3 + 17*j**2 - 2*j - 18. Let w(v) = 16*v**2 - 2*v - 17. Let m(h) = -5*w(h) + 4*y(h). Let o be m(10). Let s = o + -1518. Is s a composite number?
True
Let f = -856511 - -1267218. Is f a prime number?
False
Suppose -2*w + 7*w - 3*z = 348, -4*w = -3*z - 279. Let l = -91 + w. Let o(v) = -25*v + 84. Is o(l) a prime number?
False
Suppose -3*n - 2*k + 4*k + 10 = 0, -n + k = -3. Suppose 0 = -n*i + 3*i + 4. Suppose i*a - 5*z = 1273, -103 - 212 = -a - 2*z. Is a a prime number?
True
Let i(n) = -364*n - 34. Let a be i(3). Let p = a + 3773. Is p a prime number?
True
Is 24/((-9984)/(